nds digit of 893152?
9
What is the hundred thousands digit of 14636626?
6
What is the hundreds digit of 3430853?
8
What is the hundred thousands digit of 677863?
6
What is the hundreds digit of 58756?
7
What is the ten thousands digit of 440981?
4
What is the thousands digit of 1079195?
9
What is the hundreds digit of 7324337?
3
What is the ten thousands digit of 62953?
6
What is the hundred thousands digit of 182406?
1
What is the hundred thousands digit of 1246723?
2
What is the ten thousands digit of 126626?
2
What is the tens digit of 562184?
8
What is the tens digit of 2668352?
5
What is the hundred thousands digit of 5149114?
1
What is the tens digit of 2554093?
9
What is the hundred thousands digit of 3832661?
8
What is the millions digit of 1507775?
1
What is the units digit of 682959?
9
What is the hundreds digit of 1597632?
6
What is the tens digit of 15828814?
1
What is the millions digit of 1391723?
1
What is the ten thousands digit of 526093?
2
What is the thousands digit of 243130?
3
What is the thousands digit of 3027632?
7
What is the ten thousands digit of 627280?
2
What is the millions digit of 1918300?
1
What is the thousands digit of 456193?
6
What is the thousands digit of 14889750?
9
What is the ten thousands digit of 18817960?
1
What is the thousands digit of 1126179?
6
What is the hundreds digit of 76410?
4
What is the thousands digit of 20917?
0
What is the thousands digit of 95053?
5
What is the hundred thousands digit of 7613270?
6
What is the hundreds digit of 252579?
5
What is the hundred thousands digit of 11970701?
9
What is the thousands digit of 29568509?
8
What is the tens digit of 144910?
1
What is the hundred thousands digit of 1087491?
0
What is the millions digit of 11072726?
1
What is the units digit of 607213?
3
What is the hundred thousands digit of 450469?
4
What is the units digit of 7264530?
0
What is the hundred thousands digit of 24751659?
7
What is the tens digit of 1676923?
2
What is the hundred thousands digit of 618780?
6
What is the hundred thousands digit of 683062?
6
What is the thousands digit of 1775768?
5
What is the units digit of 4038006?
6
What is the hundreds digit of 19069?
0
What is the tens digit of 4028046?
4
What is the ten thousands digit of 6254574?
5
What is the thousands digit of 2820083?
0
What is the thousands digit of 273036?
3
What is the ten thousands digit of 557755?
5
What is the millions digit of 3843295?
3
What is the units digit of 2269293?
3
What is the hundred thousands digit of 5370682?
3
What is the ten thousands digit of 2992287?
9
What is the hundreds digit of 69261?
2
What is the units digit of 547945?
5
What is the hundreds digit of 2249669?
6
What is the ten thousands digit of 17463934?
6
What is the hundred thousands digit of 769553?
7
What is the millions digit of 15863145?
5
What is the thousands digit of 14414520?
4
What is the units digit of 1380714?
4
What is the tens digit of 5418215?
1
What is the tens digit of 4278715?
1
What is the millions digit of 2916241?
2
What is the hundreds digit of 463615?
6
What is the hundreds digit of 123697?
6
What is the hundreds digit of 1824906?
9
What is the units digit of 4509068?
8
What is the hundreds digit of 8887?
8
What is the ten thousands digit of 1825477?
2
What is the ten thousands digit of 12358933?
5
What is the millions digit of 2465208?
2
What is the hundreds digit of 14237722?
7
What is the units digit of 1686133?
3
What is the tens digit of 208543?
4
What is the hundred thousands digit of 416383?
4
What is the thousands digit of 2589284?
9
What is the tens digit of 3199408?
0
What is the hundred thousands digit of 238545?
2
What is the hundreds digit of 640617?
6
What is the ten thousands digit of 10992365?
9
What is the hundreds digit of 500727?
7
What is the hundred thousands digit of 473074?
4
What is the tens digit of 4371402?
0
What is the ten thousands digit of 453564?
5
What is the ten millions digit of 21500402?
2
What is the ten thousands digit of 1099695?
9
What is the ten thousands digit of 1708426?
0
What is the units digit of 413644?
4
What is the units digit of 14074084?
4
What is the tens digit of 380527?
2
What is the ten thousands digit of 9561229?
6
What is the hundreds digit of 225182?
1
What is the thousands digit of 556429?
6
What is the millions digit of 1418983?
1
What is the ten thousands digit of 62169?
6
What is the units digit of 430320?
0
What is the tens digit of 4352278?
7
What is the ten thousands digit of 13882768?
8
What is the hundreds digit of 18297445?
4
What is the hundred thousands digit of 494175?
4
What is the hundreds digit of 5335598?
5
What is the thousands digit of 348868?
8
What is the hundred thousands digit of 10902404?
9
What is the thousands digit of 6156911?
6
What is the units digit of 334888?
8
What is the hundred thousands digit of 559962?
5
What is the hundreds digit of 7595058?
0
What is the tens digit of 1031998?
9
What is the ten thousands digit of 431970?
3
What is the thousands digit of 899268?
9
What is the units digit of 3723896?
6
What is the millions digit of 1138622?
1
What is the ten thousands digit of 336063?
3
What is the tens digit of 5385437?
3
What is the units digit of 1382835?
5
What is the units digit of 2834120?
0
What is the millions digit of 1166620?
1
What is the hundred thousands digit of 895274?
8
What is the units digit of 621205?
5
What is the units digit of 30270?
0
What is the units digit of 29227252?
2
What is the tens digit of 88936?
3
What is the units digit of 8249358?
8
What is the tens digit of 51674?
7
What is the thousands digit of 1108878?
8
What is the thousands digit of 6386258?
6
What is the hundreds digit of 76084?
0
What is the tens digit of 19888?
8
What is the ten thousands digit of 3424339?
2
What is the hundreds digit of 33646?
6
What is the tens digit of 51580?
8
What is the units digit of 36788?
8
What is the units digit of 110055?
5
What is the hundreds digit of 17645715?
7
What is the thousands digit of 192484?
2
What is the millions digit of 2762218?
2
What is the ten thousands digit of 738473?
3
What is the thousands digit of 19220569?
0
What is the tens digit of 880098?
9
What is the thousands digit of 349538?
9
What is the hundred thousands digit of 102377?
1
What is the tens digit of 8065485?
8
What is the ten thousands digit of 135911?
3
What is the thousands digit of 206391?
6
What is the hundreds digit of 522136?
1
What is the hundreds digit of 506684?
6
What is the units digit of 16494658?
8
What is the tens digit of 2915231?
3
What is the units digit of 2637554?
4
What is the hundreds digit of 4738114?
1
What is the hundreds digit of 286606?
6
What is the hundred thousands digit of 1790353?
7
What is the units digit of 10378942?
2
What is the hundred thousands digit of 2795134?
7
What is the thousands digit of 1362176?
2
What is the thousands digit of 1429938?
9
What is the hundreds digit of 1941714?
7
What is the tens digit of 840398?
9
What is the hundreds digit of 182622?
6
What is the hundreds digit of 1150562?
5
What is the ten thousands digit of 114625?
1
What is the millions digit of 27724946?
7
What is the units digit of 583018?
8
What is the ten thousands digit of 4713545?
1
What is the thousands digit of 750687?
0
What is the tens digit of 1587681?
8
What is the ten thousands digit of 952629?
5
What is the millions digit of 5984186?
5
What is the tens digit of 9945299?
9
What is the units digit of 1010103?
3
What is the units digit of 9262074?
4
What is the hundreds digit of 1681893?
8
What is the units digit of 516844?
4
What is the ten thousands digit of 3430002?
3
What is the ten thousands digit of 637954?
3
What is the ten millions digit of 15141470?
1
What is the hundred thousands digit of 8263699?
2
What is the tens digit of 470508?
0
What is the units digit of 598315?
5
What is the units digit of 17468435?
5
What is the units digit of 728327?
7
What is the hundreds digit of 2628637?
6
What is the hundred thousands digit of 375590?
3
What is the units digit of 72501?
1
What is the hundreds digit of 489164?
1
What is the units digit of 238856?
6
What is the hundreds digit of 413519?
5
What is the ten millions digit of 15186948?
1
What is the units digit of 215632?
2
